 What is the remainder when n(-6) is divided by h(-3)?
4
Let h = 375 + -297. Calculate the remainder when h is divided by 30.
18
Suppose 4*o - 17 = k, 4*o - 22 = -o + k. Calculate the remainder when 34 is divided by o.
4
Let k be 320/24*(-18)/(-5). Suppose 3*n - k = -0*n. Suppose n - 100 = -6*q. What is the remainder when q is divided by 4?
2
Let l(s) = -2*s - 13. Let v(b) = -2. Let k(r) = -l(r) + 3*v(r). What is the remainder when 80 is divided by k(10)?
26
Let c(t) = t**2 - 8. Suppose -24*s + 28*s = -16. What is the remainder when 29 is divided by c(s)?
5
Let a(o) = -125*o - 1104. What is the remainder when a(-12) is divided by 68?
56
Let j(o) = o**3 + 11*o**2 - 6*o + 11. Let u(l) = 3 - 3*l**2 - 4 + 14*l - 15*l. Let f be u(-2). Calculate the remainder when j(f) is divided by 26.
25
Let b(n) = 2*n**3 - 26*n**2 + 23*n + 28. What is the remainder when 159 is divided by b(12)?
15
Suppose -d - 4 = 0, 2*w - 51 = 4*d + 41. What is the remainder when 453 is divided by w?
35
Let s(a) = a**2 + 6*a - 234. Calculate the remainder when 33 is divided by s(-19).
7
Suppose 3*x = 61 - 7. Let v(m) = m**2 - m + 145. Let a be v(0). Suppose z - 112 = -3*s - z, -a = -5*s + 5*z. What is the remainder when s is divided by x?
16
Let q(h) be the second derivative of -h**5/20 - 5*h**4/4 - 3*h**3 - 12*h**2 - 34*h. What is the remainder when q(-14) is divided by 9?
5
Let w = 206 - 198. Let b(s) = -s + 9. Let r be b(7). Suppose y + m - 39 = -2*m, r*y = 4*m + 48. What is the remainder when y is divided by w?
6
Let t = 30 - 26. Suppose -q + t*q = 63. Calculate the remainder when 103 is divided by q.
19
Let u(a) = a**2 + 9*a - 1. Let d(l) be the first derivative of l**4/4 + 7*l**3/3 - l**2 - l - 2. What is the remainder when u(4) is divided by d(-7)?
12
Suppose -u = -6 + 6. Suppose u*c = 2*s + c - 46, -4*c = -s + 32. Calculate the remainder when 67 is divided by s.
19
Let z be 33/(-6)*2 - 2. Let l = -51 + 72. Calculate the remainder when 41/2*(z - -15) is divided by l.
20
Suppose -3*g = 3*k - 231, 0*k = -5*g + 4*k + 358. Let a(w) = -w**3 + 6*w**2 + 8*w - 1. Calculate the remainder when g is divided by a(-2).
14
Let f(l) = -3*l**3 - l**2 + l. Let b be f(1). Calculate the remainder when 116 is divided by 3 + (-1 - 1) - 87/b.
26
Let f(q) = -4*q**2 - 44*q + 2. Calculate the remainder when f(-7) is divided by 60.
54
Let g = -25 + 36. Suppose -a - 6*p + 3*p = 7, -3*p - 23 = -a. Let k = 27 - a. What is the remainder when k is divided by g?
8
Let p = 20 + 22. Suppose 2*i = 4*i - 8. Suppose 1 = v + 2*y - 2, -5*y = i*v - 24. Calculate the remainder when p is divided by v.
9
Let g = -18 + 41. Let m(p) = p**3 + 5*p**2 - 7*p - 7. Let c be m(-6). What is the remainder when (63 - -3 - -3) + c is divided by g?
22
Suppose 3*a + 4 - 55 = 0. Suppose -2*b - 5*t - a = -3*b, -51 = -3*b + 3*t. Let v(f) = -f**2 - 37*f + 67. What is the remainder when v(0) is divided by b?
16
Suppose 1 = f + 4. Let k = -105 + 142. What is the remainder when k is divided by 2 + f - -3*7?
17
Suppose -6*y - 3*r = -2*y - 66, y + 4*r = 23. Let z(m) = -25*m. Calculate the remainder when z(-1) is divided by y.
10
Suppose 0 = -q + 2, -6*i + i = -5*q + 55. Calculate the remainder when (-3)/i + 304/6 is divided by 214/12 + 3*3/54.
15
Let f(q) = 28*q + 7. Let o be f(8). Let y = 326 - o. Suppose -72 = c - 4*c. What is the remainder when y is divided by c?
23
Let h(q) = q**2 - 2*q + 12. Let z = 22 - 22. Suppose w - 52 = -18. What is the remainder when w is divided by h(z)?
10
Suppose 8*t - 257 = -57. What is the remainder when 59 is divided by t?
9
What is the remainder when (-15)/(-20) + 836/16 is divided by 16?
5
Suppose 62*b = -3*i + 57*b + 23, -3*b = -i + 3. Calculate the remainder when i is divided by 3.
0
Let z(w) = -3*w - 13. Let a(r) = 16*r + 65. Let v(t) = -2*a(t) - 11*z(t). What is the remainder when -2*(82/(-4) + 2) is divided by v(0)?
11
Let v(i) be the third derivative of i**5/10 - i**4/2 + 5*i**3/2 + 2*i**2. What is the remainder when v(5) is divided by 36?
33
Suppose -1 - 5 = 3*h. Let p = -21 - h. Let q = 27 + p. What is the remainder when 15 is divided by q?
7
What is the remainder when (-18)/(-8)*(69 - 4/4) is divided by 77?
76
Suppose -4*r + c - 5*c = -40, -r + 4*c - 5 = 0. Let d(a) = 7*a - 19. What is the remainder when 118 is divided by d(r)?
28
Let l = -174 + 116. Let m = l + 89. What is the remainder when m is divided by 4*3*(-4)/(-6)?
7
Let v be 26/(-8)*(-180)/(-9). Let u = -14 - v. Calculate the remainder when 4/(-3 + -1) + u is divided by 13.
11
Let k(j) = 3*j**2 + 2*j + 12. Suppose -37*p = -32*p - 185. What is the remainder when k(-7) is divided by p?
34
Suppose 19 = 4*u - 3*p, u - 3*u + p = -9. Suppose u*o - 428 = 764. Suppose -5*c + o = 4*f, 0*c + 3*c = f + 189. What is the remainder when c is divided by 11?
7
Suppose 2*k + 4 = k. What is the remainder when -3 - 0 - (-85 - k) - 2 is divided by 27?
22
Let n = -13 + 31. Calculate the remainder when (-3)/(-18) - (-479)/6 is divided by (35/15)/(2/n).
17
Let y(g) be the first derivative of -g**4/4 + 8*g**3/3 + 7*g**2 - 19*g + 30. Calculate the remainder when 98 is divided by y(9).
20
What is the remainder when 476 is divided by (-31)/(4/6*(-18)/12)?
11
Let m(r) = r + 11. Let c be m(0). Let f = c - 9. Suppose 0 = f*i - 19 - 5. What is the remainder when i is divided by 8?
4
Let h = -92 + 96. Suppose h*d + 4*x + 0*x - 12 = 0, -3*d - 2*x + 11 = 0. Calculate the remainder when 24 is divided by d.
4
Let u be (-27)/6*(-16)/12. Suppose 4*m = 3*w - 130, -w + u = -4*m - 48. What is the remainder when (1 + 0)/((-13)/(-1443)) is divided by w?
35
Let v = -740 - -761. What is the remainder when 221 is divided by v?
11
Suppose 5*w = h + 23, 0 = -2*h + 3 + 1. What is the remainder when 7 is divided by w?
2
Let w(h) = -2*h**3 + 18*h**2 + 6*h - 22. Let l(n) = -n + 22. Let i = 17 - 6. Calculate the remainder when w(9) is divided by l(i).
10
Let m(y) = -5*y + 5. Let u(p) = 4*p - 4. Let r(k) = 2*m(k) + 3*u(k). Calculate the remainder when r(9) is divided by 10.
6
Let q(j) = 11*j - 1. Let z(g) = 208*g - 2665. Calculate the remainder when z(13) is divided by q(2).
18
Let z(a) = 2*a**3 + 28*a**2 + 16*a + 1. What is the remainder when z(-11) is divided by 69?
68
Let z(w) = -59*w - 9. Calculate the remainder when z(-3) is divided by 35.
28
Let o(h) = 41*h + 165. Calculate the remainder when o(-4) is divided by 1.
0
Suppose 5*t - 2*q = 635, -11*t + 278 = -9*t + 4*q. What is the remainder when t is divided by 26?
25
Suppose k - t = 18, 0 = -t - 0*t + 5. Suppose b - 24 = -b + 4*r, 0 = 3*b + 4*r - 16. What is the remainder when k is divided by b?
7
Let k(m) = -6*m**2 - 34*m - 23. Let x(u) = -98*u + 2. What is the remainder when x(-1) is divided by k(-4)?
15
Suppose 0 = -5*u - 57 - 93. Let c = u + 19. Let d = c + 21. What is the remainder when 57 is divided by d?
7
Let o(p) = p**3 - p**2 + 20. Let i(m) = 2*m**2 - 7*m + 9. Suppose -v - 35 = -6*v. What is the remainder when i(v) is divided by o(0)?
18
Suppose -2*p + 2*b + 248 = 0, -33*p - 5*b - 245 = -35*p. Calculate the remainder when 232 is divided by p.
107
Let i = -40 - -57. Suppose 0 = -i*q + 16*q + 55. What is the remainder when q is divided by 34?
21
Let z be (-1)/(((-16)/(-124))/(-4)). Suppose -p + 136 - z = 0. Let y = p - 62. Calculate the remainder when y is divided by 15.
13
Suppose 0 = -63*w - 857 + 2243. What is the remainder when 371 is divided by w?
19
Let j(o) = 29*o**2 - o - 1. Let d(y) = -51*y - 651. What is the remainder when d(-15) is divided by j(-1)?
27
Suppose -60 + 20 = -5*t. Suppose -3*d - 12 = -3*o, 0 = 3*d + d. What is the remainder when 24 - (3 + o + -6) is divided by t?
7
Let g be (-1 - -30 - -1)/(3/2). Suppose g = 3*r + 2. What is the remainder when 15 is divided by r?
3
Let d(h) = -76*h**2 + 78*h**2 - 6 + 5*h + 3. What is the remainder when d(-5) is divided by 8?
6
Let l = -693 + 811. What is the remainder when l is divided by 4?
2
Let p = -62 - -111. What is the remainder when p is divided by 15?
4
Calculate the remainder when -6 + (-8 + -3)*-6 is divided by 34.
26
Let n(i) = 16*i**2 - 22*i + 22. Calculate the remainder when 28 is divided by n(1).
12
Let r = -129 + 160. Suppose 30 = -r*j + 33*j. Calculate the remainder when 58 is divided by j.
13
Suppose 0 = 24*y - 13*y - 1012. Calculate the remainde